 6.
3
Let u(q) = q**3 + 13*q**2 + 11*q - 8. Let f be u(-12). Let i be -2*f/((-24)/9). What is the greatest common factor of 15 and i?
3
Suppose 0*a = 5*a - f - 49, -5*a + 5*f = -65. Let y be (14/4)/(a/18). Suppose -2*k - 19 = -89. Calculate the greatest common divisor of k and y.
7
Suppose 0 = -p - 2*g + 8, 3*p = 6*p + g - 44. Let q = 12 - p. Let d be 156/10 - q/10. What is the greatest common divisor of 2 and d?
2
Let s(q) = q**3 + 20*q**2 - 75*q + 2. Let b be s(-23). What is the highest common factor of 364 and b?
28
Let k be (-1*(-1)/2)/(19/152). Suppose 0 = -7*c + k*c + 210. What is the greatest common divisor of c and 10?
10
Let d be (-32)/(-6) + -1*(-6)/9. Let v be (-3)/d*10*8/(-5). What is the highest common divisor of v and 16?
8
Let w be -1 - 0 - (-285 - 15). Calculate the highest common factor of 13 and w.
13
Let b(u) = -u**3 - 4*u**2 + 5. Let c be b(-4). Suppose -a + c*a - 24 = -4*f, -5*a = -f - 12. What is the greatest common divisor of 9 and f?
3
Let d = -38 - -46. Suppose 0 = -4*i + h + d, 3*h = 2*i - h - 4. What is the greatest common factor of i and 10?
2
Let w = -2 + 17. Suppose x - 1075 = -2*j, -j + 3*j + 2*x - 1070 = 0. Suppose 6*o - j = -3*o. What is the greatest common factor of w and o?
15
Suppose 6*d - 3*d = 21. Let u = -3 + d. Calculate the highest common divisor of u and 12.
4
Let p = 648 - 403. Let y = -110 + p. What is the greatest common factor of 27 and y?
27
Let c(f) = -f**3 - 8*f**2 - 9*f - 3. Let y be c(-7). Suppose -z - 3*k = -k - y, 3*z - 43 = -k. What is the greatest common factor of z and 45?
15
Let w be (-1 - -37)*(10 - (-27)/(-6)). Calculate the greatest common factor of 44 and w.
22
Let v = -27 + 28. Suppose -15 = -l - v. Calculate the greatest common factor of 14 and l.
14
Let q be (-2)/(-8) + (-3458)/(-56). Suppose 95 = -3*b - a, 3*b + a = b - q. Let i = -21 - b. What is the greatest common divisor of 6 and i?
6
Let p = -49 - -53. Let h be 0 - (441/(-28))/(1/p). Calculate the greatest common divisor of h and 9.
9
Suppose -23*v = 50*v - 876. Let p = -10 - -14. What is the highest common factor of v and p?
4
Let i(p) = 0*p**2 + 10 - 2*p**2 - 3*p**2 - 7*p + 6*p**2. Suppose -3*c + c + 26 = 0. Let a be i(c). What is the greatest common divisor of 8 and a?
8
Let c = 1163 + -667. Calculate the greatest common factor of c and 80.
16
Suppose i + 9*z = 4*z + 1227, 4*z + 2440 = 2*i. Calculate the highest common divisor of 26 and i.
26
Let z(c) = -161*c - 745. Let o be z(-5). Calculate the greatest common divisor of o and 8.
4
Suppose 521 + 449 = 5*m. Suppose m = 4*b - 94. Calculate the greatest common factor of 18 and b.
18
Let h be 105/10*4/(-3) - 0. Let u = h + 18. What is the greatest common factor of 4 and u?
4
Suppose 5*b + 90 = -0*b. Let w = b + 36. Let a(y) = y + 198. Let h be a(0). What is the greatest common divisor of h and w?
18
Suppose 84*l = 83*l + 5. Suppose 0 = -l*b + 340 + 135. What is the greatest common divisor of 19 and b?
19
Let d be 5*1 - (-1 + 3). Let o(p) = -3*p**3 - 2*p**2. Let a be o(-3). Suppose -a = 4*t - 11*t. What is the greatest common divisor of d and t?
3
Suppose -19*r = 54*r - 129648. Calculate the greatest common factor of r and 12.
12
Let k(m) = m**3 - m + 19. Let s be k(0). Suppose -16 - s = -w. What is the highest common factor of 7 and w?
7
Let q be (8/(-4) - -53)*(-2)/2. Let w = q - -63. Suppose 2*c + 3*l - 90 = 0, -3*c + 4*l = -8*c + 232. What is the highest common factor of w and c?
12
Let p(b) = -b**2 - b + 1. Let u(j) = 2*j**2 - 20*j - 4. Let z(x) = 5*p(x) + u(x). Let v be z(-8). Calculate the highest common factor of v and 81.
9
Let l = -2 + 2. Suppose -3*k - 2*k + 255 = l. Let q = 26 - -8. Calculate the highest common divisor of q and k.
17
Let y = 335 + -291. Calculate the highest common divisor of y and 8.
4
Suppose 0 = 5*c - 25, 0*u = -3*u - 3*c + 24. Suppose -u*l = -7 + 1. Suppose -2 = -l*q, -2*x + 2*q = -26 - 20. Calculate the highest common divisor of 12 and x.
12
Suppose 0*c + 176 = 2*c - 4*t, 5*t = c - 76. Let b be c/(-9)*24/(-16). Suppose 3*n + p - b = 30, 15 = -3*p. What is the highest common factor of n and 17?
17
Suppose 4*u + p + 6 = 5*u, -5*u - 4*p = -30. Calculate the greatest common factor of 6 and u.
6
Let i be (-6 + 8)/(4/10) - 2. Calculate the highest common divisor of i and 3.
3
Suppose 1 = -3*f - 2, 3*f = 3*n - 12. Suppose -3*h + n*b = h - 49, -5 = -2*h - 5*b. What is the highest common divisor of h and 1?
1
Suppose 3 = -w - 2*r - 0*r, 3*w + 4*r = -1. Calculate the highest common factor of 365 and w.
5
Let x = 5 - -12. Suppose 0 = -v + 15 + x. Let y = -15 - -23. What is the greatest common factor of y and v?
8
Let t be 5 + 552 + 3 + 0. What is the greatest common factor of 70 and t?
70
Suppose -3*z = -4*t + 4, 2*z = 3*t - 8 + 4. Suppose -4*w + 745 = -v + 75, -4*w = -z*v - 664. Calculate the greatest common factor of w and 21.
21
Let d be (2/18)/((-10)/30)*-21. Let z(v) = v**2 - 4*v - 2. Let h be z(4). Let l be 3 - (0 - (2 - h)). What is the greatest common factor of l and d?
7
Suppose 5*f = -5*d + 315, -3*f - 2*d + 189 = -4*d. Suppose f = 4*w - w. Let v = w + -18. Calculate the greatest common factor of 33 and v.
3
Let h be (-1 - (-39)/21)*(1 + 6). Let u = 6 + -3. Let b(x) = 6*x**2 + x + 3. Let c be b(u). Calculate the highest common divisor of c and h.
6
Suppose 0 = -4*q + 3*n - 18, 2*q + 2*n - 5 = -21. Suppose 4*v + 9 = 57. Let c = q + v. What is the highest common factor of 24 and c?
6
Let h(q) = q + 4. Let g be h(7). Suppose 214 = 4*r - 2*s, 4*r - 2*s - 265 = -r. Let y = 139 - r. Calculate the highest common divisor of y and g.
11
Let k(r) = -r**3 - 4*r**2 - 4*r + 4. Let n = 31 + -37. Let w be k(n). Calculate the greatest common factor of w and 40.
20
Let f = 25 - 23. Let w be (-6)/4*(-4 + 2). Suppose r - w*r + 5*x = -286, 0 = -r - f*x + 143. Calculate the highest common factor of r and 13.
13
Let c be (-258)/(-4) + 2/(-4). Let f(q) = -57*q + 2923. Let m be f(51). Calculate the greatest common divisor of c and m.
16
Suppose 38 = 2*h + 2*t + 10, 0 = -3*h - 4*t + 47. Let x(n) = -3*n. Let q be x(-3). Let y = q + -6. What is the highest common factor of h and y?
3
Let o(c) = c**3 - 5*c**2 + 7*c - 6. Let v be o(4). Suppose 2*l + q = 25 + 50, -q - 261 = -6*l. Calculate the highest common factor of v and l.
6
Let u(y) = y**3 - 19*y**2 - 21*y - 89. Let x be u(21). What is the greatest common divisor of 264 and x?
88
Let u(d) = 4*d - 16. Let q be u(4). Suppose -p - 2*h = -13, q*p + 2*p - 5*h - 8 = 0. Calculate the greatest common factor of 1 and p.
1
Let i(n) = 7*n - 10*n - 15 + 71 + 0*n. Let a be i(7). Calculate the greatest common divisor of 5 and a.
5
Suppose 0 = x - 1, -6*y + x = -2*y - 351. What is the highest common factor of y and 55?
11
Let p be ((-4)/10*1)/((-1)/90). What is the greatest common divisor of 468 and p?
36
Let d(m) = -18*m + 4. Let s be d(2). Let g = s + 36. What is the greatest common divisor of 10 and g?
2
Let d(t) = t - 11. Let o be d(-8). Let z = o - -39. What is the highest common factor of 100 and z?
20
Let p(r) = -r**2 - 20*r + 49. Let o be p(-21). Let y be (-42)/9*96/(-2). What is the highest common factor of y and o?
28
Let p = -158 + 202. Calculate the highest common factor of p and 20.
4
Suppose -4*b + 272 = -5*f, -4*b - 5*f + 248 = -4*f. What is the highest common divisor of 144 and b?
9
Let a = -20 - -24. Suppose 0 = -6*f + f + 220. Calculate the greatest common divisor of a and f.
4
Suppose -60 = -l + 138. Let h(q) = -q**2 - 11*q - 10. Let r be h(-7). Calculate the highest common divisor of l and r.
18
Let j(f) = -9*f + 13. Let n = 13 + -17. Let x be j(n). What is the highest common divisor of 7 and x?
7
Suppose -5*k + 3*p = -36, -k - 30 = -5*k + 2*p. What is the greatest common divisor of k and 207?
9
Suppose -4*h + 464 = 2*o, 0 = 3*o + 8*h - 12*h - 656. What is the greatest common factor of o and 84?
28
Suppose 11*a = 9*a + 450. Let l be 1*(198/8 - 2/(-8)). Calculate the greatest common divisor of l and a.
25
Suppose -n + 15 = -2*n - 5*r, 3*n + 3*r = 3. Suppose 3*h - f = 7, 2*h + 2*f = n*h - 11. Calculate the greatest common factor of 1 and h.
1
Suppose i - 2*i - j = -194, 2*i - 372 = 2*j. Calculate the greatest common factor of 25 and i.
5
Let l(j) = j**2 - j - 8. Let x be l(5). Let k be 4 + -2 + x/3. Let p = -